in base 10?
-622
What is -278 (base 9) in base 11?
-1a2
131441 (base 5) to base 11
3a3a
What is 56ab (base 16) in base 10?
22187
-23d (base 15) to base 8
-774
456 (base 11) to base 10
545
What is -435 (base 10) in base 3?
-121010
What is -1144 (base 8) in base 11?
-507
563 (base 8) to base 12
26b
Convert -32063 (base 7) to base 10.
-7934
-16001 (base 8) to base 6
-53105
What is 39886 (base 10) in base 7?
224200
Convert -1012101 (base 3) to base 11.
-725
-483 (base 10) to base 11
-3aa
What is 1a87 (base 12) in base 7?
12352
-30276 (base 11) to base 3
-2020200211
102201 (base 3) to base 11
268
Convert -1002110022 (base 3) to base 11.
-15151
What is -86b (base 16) in base 15?
-98a
Convert 1952 (base 15) to base 8.
12545
What is a5 (base 15) in base 14?
b1
What is -2223 (base 7) in base 8?
-1441
6836 (base 9) to base 11
3886
Convert -13610 (base 7) to base 3.
-12010012
What is 2447 (base 12) in base 5?
112322
Convert -601 (base 8) to base 15.
-1aa
Convert -22 (base 13) to base 16.
-1c
What is 2523 (base 10) in base 5?
40043
Convert 637 (base 16) to base 5.
22331
Convert -6022 (base 10) to base 8.
-13606
Convert 2133013 (base 4) to base 2.
10011111000111
4584 (base 14) to base 3
121120010
-242144 (base 7) to base 12
-21555
-3105 (base 8) to base 13
-966
-503 (base 12) to base 5
-10343
-2112200 (base 3) to base 7
-5256
-2212212200 (base 3) to base 13
-1cac1
What is -20413 (base 7) in base 10?
-5008
Convert -828 (base 14) to base 10.
-1604
What is 1203120 (base 4) in base 8?
14330
What is 45c (base 14) in base 7?
2345
8a55 (base 14) to base 5
1231422
-102212 (base 5) to base 16
-d68
9204 (base 10) to base 13
4260
3027 (base 14) to base 2
10000001001011
What is 20993 (base 12) in base 15?
ca89
-1473a (base 11) to base 2
-101000101110111
What is 5c (base 15) in base 16?
57
-3176 (base 9) to base 7
-6546
46688 (base 9) to base 7
156626
Convert 121 (base 10) to base 5.
441
What is -103 (base 16) in base 15?
-124
What is 7a1e (base 15) in base 7?
135344
-1019 (base 15) to base 7
-12624
103 (base 9) to base 13
66
Convert -15433 (base 7) to base 10.
-4336
1945a (base 11) to base 10
27169
What is 280e (base 15) in base 13?
3b8a
Convert -2062 (base 16) to base 14.
-3042
What is 417 (base 15) in base 13?
55c
Convert 62a (base 13) to base 10.
1050
What is 2209 (base 10) in base 2?
100010100001
1156 (base 10) to base 15
521
Convert -704a (base 11) to base 12.
-550b
What is -34022 (base 5) in base 12?
-146b
What is 312304 (base 5) in base 6?
115453
What is 736 (base 12) in base 13?
62a
Convert 473 (base 9) to base 7.
1065
5948 (base 11) to base 13
3719
What is 130222 (base 4) in base 15?
824
-24624 (base 7) to base 6
-50010
Convert -121022 (base 3) to base 11.
-370
What is 100110000111 (base 2) in base 5?
34224
Convert -111011000010 (base 2) to base 5.
-110103
101333 (base 6) to base 9
12123
-37713 (base 8) to base 11
-112a7
Convert 41222 (base 5) to base 4.
221333
-2220 (base 4) to base 12
-120
110 (base 12) to base 16
9c
What is 32323 (base 5) in base 15?
9c8
Convert 3657 (base 15) to base 10.
11557
What is -1105 (base 8) in base 9?
-715
What is -311313 (base 4) in base 13?
-1752
2255 (base 6) to base 2
1000011011
Convert -1101111 (base 2) to base 12.
-93
What is -24310 (base 5) in base 7?
-5223
-453 (base 8) to base 6
-1215
What is 100011001011 (base 2) in base 8?
4313
54351 (base 7) to base 4
3103320
What is -1433 (base 6) in base 14?
-1d3
-198 (base 16) to base 10
-408
38a (base 15) to base 5
11210
642 (base 13) to base 5
13233
Convert -21110 (base 3) to base 9.
-243
16077 (base 12) to base 7
156643
-2022200 (base 3) to base 5
-23232
Convert 17110 (base 11) to base 8.
57032
What is -3626 (base 8) in base 9?
-2587
Convert -105400 (base 6) to base 16.
-2328
What is -1017 (base 15) in base 9?
-4584
What is 3111 (base 5) in base 11?
33a
What is -21012 (base 3) in base 11?
-167
What is 107 (base 13) in base 11?
150
What is 3099 (base 12) in base 9?
7240
Convert -312 (base 14) to base 15.
-2a4
Convert 2066 (base 8) to base 7.
3100
-11 (base 11) to base 15
-c
3354 (base 8) to base 13
a64
Convert -15405 (base 6) to base 3.
-10110112
2003211 (base 4) to base 10
8421
What is 6929 (base 15) in base 7?
122025
-82 (base 10) to base 4
-1102
What is 1212102 (base 3) in base 8?
2521
1000100000001 (base 2) to base 4
1010001
-81b (base 13) to base 12
-968
Convert -204 (base 6) to base 4.
-1030
131 (base 6) to base 3
2001
What is -312113 (base 4) in base 16?
-d97
Convert 333003 (base 5) to base 11.
8811
Convert -11330 (base 8) to base 16.
-12d8
What is 333c (base 13) in base 9?
10723
What is 506 (base 13) in base 8?
1523
Convert 1025 (base 9) to base 8.
1360
42b0 (base 16) to base 14
6316
What is 121130 (base 4) in base 7?
4514
-4735 (base 8) to base 12
-1565
What is 283 (base 12) in base 5?
3022
Convert -d12 (base 14) to base 16.
-a04
What is -1023102 (base 5) in base 2?
-100001101111101
4609 (base 14) to base 10
12161
338 (base 12) to base 14
260
Convert 2d02 (base 15) to base 16.
25cd
Convert 1079 (base 10) to base 11.
8a1
Convert 201101 (base 3) to base 7.
1345
Convert 21340 (base 5) to base 10.
1470
What is 100100010011 (base 2) in base 9?
3161
Convert -25244 (base 6) to base 2.
-111010111100
-3402 (base 6) to base 15
-37e
-13415 (base 6) to base 12
-126b
4501 (base 6) to base 16
415
1951 (base 12) to base 15
daa
What is 437 (base 9) in base 7?
1021
What is -41656 (base 9) in base 4?
-12231312
Convert 1a6b (base 12) to base 11.
2496
What is 9600 (base 12) in base 6?
204000
What is -111 (base 9) in base 2?
-1011011
What is -91 (base 13) in base 2?
-1110110
-1243243 (base 5) to base 13
-b3b6
What is -4b31 (base 12) in base 4?
-2011111
What is -408 (base 10) in base 3?
-120010
What is -1231133 (base 4) in base 9?
-10545
-1241 (base 11) to base 16
-652
2a2 (base 12) to base 16
19a
Convert -5365 (base 9) to base 16.
-f6b
Convert 2290 (base 15) to base 14.
295d
Convert -538 (base 9) to base 2.
-110111000
What is -1740 (base 9) in base 8?
-2464
What is 1206 (base 10) in base 9?
1580
Convert -120 (base 15) to base 16.
-ff
Convert 12322102 (base 4) to base 16.
6e92
Convert d2 (base 16) to base 11.
181
-4545 (base 6) to base 15
-4b8
271 (base 14) to base 9
605
-1bb (base 15) to base 9
-485
Convert 1020200 (base 3) to base 5.
12114
Convert 145201 (base 7) to base 10.
28225
Convert 22e5 (base 16) to base 14.
3381
What is 5540 (base 6) in base 14?
67a
11303 (base 9) to base 8
16560
Convert 336 (base 12) to base 6.
2110
What is -8017 (base 14) in base 6?
-245421
-156634 (base 7) to base 14
-b51b
Convert -679 (base 15) to base 16.
-5b8
13dd (base 15) to base 13
1c27
Convert -720 (base 12) to base 13.
-615
Convert 10010000 (base 3) to base 6.
14300
Convert -6107 (base 8) to base 11.
-23a8
15636 (base 7) to base 10
4437
Convert 2021211000 (base 3) to base 14.
125cb
Convert -817 (base 14) to base 15.
-70e
Convert -2d (base 14) to base 11.
-38
Convert -1116 (base 14) to base 3.
-11001122
111704 (base 8) to base 6
451044
-1210303 (base 5) to base 9
-33866
Convert -4303 (base 6) to base 12.
-693
Convert 2110220 (base 3) to base 11.
13a2
What is -3306 (base 14) in base 15?
-2936
What is 1010101011010 (base 2) in base 7?
21636
-1011000011101000 (base 2) to base 16
-b0e8
What is -100110011 (base 2) in base 14?
-17d
-24624 (base 7) to base 8
-14526
-2100303 (base 4) to base 3
-110201020
What is 1a150 (base 11) in base 16?
6ddf
Convert 41233 (base 6) to base 14.
2005
-30026 (base 7) to base 15
-2218
What is -270 (base 10) in base 5?
-2040
Convert 3002 (base 4) to base 14.
dc
What is 102201121 (base 3) in base 6?
103324
Convert 34662 (base 7) to base 4.
2023101
170b (base 12) to base 4
222323
-676b (base 14) to base 7
-103164
What is -195 (base 11) in base 7?
-441
-4054 (base 6) to base 7
-2422
11011100010 (base 2) to base 14
8dc
-340 (base 7) to base 13
-106
What is -1b71 (base 13) in base 10?
-4148
Convert 40f (base 16) to base 6.
4451
Convert -11010100 (base 2) to base 15.
-e2
What is 10011000111100100 (base 2) in base 6?
1402312
668 (base 9) to base 11
459
-111 (base 13) to base 8
-267
Convert 26068 (base 11) to base 6.
444514
What is -3340 (base 6) in base 16?
-30c
-1b7 (base 14) to base 5
-2412
10001212011 (base 3) to base 12
2ab57
Convert -147670 (base 8) to base 12.
-26934
-279 (base 1